
Calculate the greatest common divisor of 10664160 and 30.
30
What is the greatest common divisor of 12042 and 45046?
446
What is the highest common divisor of 8 and 9667920?
8
Calculate the greatest common divisor of 125768 and 632.
632
What is the greatest common factor of 2519 and 99?
11
Calculate the highest common divisor of 1296 and 2618892.
324
What is the greatest common factor of 44880 and 425?
85
What is the greatest common factor of 178311 and 147?
147
What is the highest common factor of 90 and 10161?
9
What is the highest common divisor of 83824 and 156?
52
What is the greatest common divisor of 147 and 57869?
49
Calculate the greatest common factor of 27454 and 241906.
518
What is the highest common factor of 1420 and 548?
4
Calculate the highest common divisor of 1524 and 233553.
381
Calculate the highest common factor of 419008 and 3456.
64
What is the greatest common divisor of 4368 and 12740?
364
Calculate the highest common factor of 47520 and 495.
495
Calculate the highest common divisor of 223609 and 7909.
719
Calculate the highest common divisor of 55 and 20245.
5
Calculate the greatest common factor of 19692 and 3060.
36
What is the greatest common factor of 1466199 and 7497?
1071
What is the greatest common divisor of 136340 and 238?
34
What is the highest common divisor of 214292 and 26?
26
What is the highest common factor of 217944 and 243?
27
What is the highest common factor of 29667 and 2497?
11
What is the greatest common factor of 3283 and 1817375?
469
Calculate the highest common factor of 574269 and 5778.
321
What is the greatest common divisor of 61670 and 70?
70
What is the highest common divisor of 8575 and 7850?
25
What is the greatest common factor of 250 and 77750?
250
Calculate the greatest common factor of 940 and 600190.
470
Calculate the greatest common factor of 94563 and 532.
133
Calculate the greatest common divisor of 1713047 and 7.
7
Calculate the highest common divisor of 804 and 2514.
6
Calculate the highest common divisor of 25109 and 422.
211
Calculate the greatest common divisor of 878560 and 6358.
578
What is the greatest common factor of 50 and 1450?
50
What is the greatest common divisor of 10412 and 3268?
76
What is the greatest common factor of 160 and 12010?
10
Calculate the greatest common divisor of 38020 and 2880.
20
What is the greatest common factor of 992 and 30504?
248
Calculate the greatest common factor of 1620 and 3969.
81
Calculate the greatest common factor of 3479126 and 14.
14
Calculate the highest common divisor of 1120 and 13930.
70
What is the greatest common divisor of 1280 and 180?
20
What is the highest common factor of 8262 and 1632?
102
Calculate the highest common divisor of 63152 and 48.
16
Calculate the highest common factor of 563 and 766806.
563
Calculate the greatest common factor of 4015 and 1210.
55
What is the greatest common factor of 1420 and 22436?
284
Calculate the greatest common divisor of 5226065 and 37.
37
Calculate the highest common divisor of 911897 and 1358.
679
Calculate the greatest common factor of 15366 and 1573.
13
Calculate the greatest common divisor of 208 and 2873.
13
Calculate the highest common factor of 1020 and 1824.
12
What is the greatest common divisor of 111 and 29378?
37
What is the highest common factor of 36 and 32884?
4
What is the highest common divisor of 2910 and 909084?
582
What is the highest common factor of 135 and 308745?
135
What is the highest common factor of 226971 and 9?
9
What is the greatest common factor of 3470 and 31577?
347
What is the highest common factor of 66 and 211497?
33
What is the highest common divisor of 67002 and 78?
78
What is the greatest common factor of 315 and 118503?
63
What is the highest common divisor of 3668 and 448?
28
What is the highest common factor of 25893 and 252?
63
What is the highest common divisor of 7820 and 357?
17
Calculate the greatest common factor of 208819 and 104.
13
Calculate the greatest common factor of 80200 and 95.
5
What is the highest common divisor of 4708 and 979?
11
Calculate the greatest common factor of 11700 and 949.
13
Calculate the highest common factor of 16362 and 48.
6
Calculate the highest common factor of 432 and 10320.
48
What is the highest common factor of 655690 and 10710?
1190
Calculate the greatest common divisor of 1485215 and 30.
5
Calculate the highest common divisor of 73530 and 6080.
190
Calculate the highest common factor of 2740 and 10412.
548
Calculate the highest common factor of 3456 and 76800.
384
What is the greatest common factor of 665 and 2345?
35
What is the greatest common divisor of 33 and 368357?
11
Calculate the highest common factor of 91 and 6617.
13
Calculate the highest common divisor of 478230 and 570.
570
Calculate the highest common divisor of 588 and 60172.
196
What is the greatest common factor of 77 and 11653?
1
What is the greatest common divisor of 108 and 23592?
12
What is the highest common divisor of 21440 and 16000?
320
Calculate the greatest common factor of 48 and 506184.
24
Calculate the highest common factor of 123571 and 25781.
889
What is the greatest common factor of 60 and 5643540?
60
What is the highest common factor of 66 and 1990857?
33
What is the greatest common factor of 208 and 645168?
16
What is the greatest common factor of 440 and 387640?
440
Calculate the greatest common divisor of 34155 and 1012.
253
What is the greatest common divisor of 4307 and 649?
59
Calculate the highest common divisor of 144466 and 391.
17
What is the greatest common factor of 381740 and 220?
20
Calculate the greatest common divisor of 501 and 237.
3
Calculate the greatest common factor of 12985 and 7105.
245
What is the highest common factor of 2145 and 995709?
429
What is the highest common factor of 572 and 1475474?
286
Calculate the greatest common divisor of 1356 and 32996.
452
Calculate the greatest common factor of 19789 and 543298.
1799
What is the highest common divisor of 115007 and 304?
19
Calculate the greatest common factor of 3724 and 98.
98
What is the highest common divisor of 2290486 and 22?
22
Calculate the greatest common divisor of 97530 and 60.
30
Calculate the greatest common divisor of 1851112 and 1136.
568
Calculate the greatest common divisor of 12682 and 731.
17
What is the highest common divisor of 708227 and 4082?
2041
Calculate the greatest common factor of 1431340 and 40.
20
What is the greatest common factor of 1240220 and 40?
20
Calculate the highest common factor of 1495 and 503425.
65
What is the greatest common divisor of 1744 and 16880?
16
What is the greatest common divisor of 1350 and 36700?
50
What is the highest common factor of 27771 and 489?
3
Calculate the highest common divisor of 11970 and 1170.
90
What is the highest common factor of 14094 and 218214?
486
Calculate the highest common factor of 4370 and 1815298.
874
Calculate the greatest common factor of 100 and 51180.
20
What is the highest common factor of 84 and 173988?
12
What is the greatest common divisor of 1728 and 1896?
24
What is the greatest common divisor of 25075 and 2975?
425
Calculate the greatest common factor of 13416 and 2496.
312
What is the greatest common factor of 161195 and 626?
313
Calculate the greatest common divisor of 71689 and 51.
17
What is the highest common divisor of 400846 and 79?
79
What is the highest common factor of 2670360 and 770?
770
What is the highest common divisor of 3492 and 972?
36
What is the highest common factor of 435 and 52095?
15
What is the highest common divisor of 3475 and 8201?
139
Calculate the highest common divisor of 952 and 993650.
238
What is the highest common factor of 884856 and 1610?
322
What is the highest common factor of 4840 and 1160?
40
What is the greatest common divisor of 7720 and 185?
5
Calculate the greatest common divisor of 8303 and 23.
23
What is the highest common factor of 1027 and 353446?
79
What is the highest common factor of 5205120 and 3840?
1920
Calculate the highest common factor of 6510 and 2442552.
1302
What is the highest common divisor of 4356 and 2239710?
726
Calculate the greatest common divisor of 12368 and 64.
16
Calculate the greatest common divisor of 240 and 1572.
12
Calculate the highest common factor of 1053 